[INFO] cloning repository https://github.com/Buzzec/SpaceMirrorTest
[INFO] running `Command { std: "git" "-c" "credential.helper=" "-c" "credential.helper=/workspace/cargo-home/bin/git-credential-null" "clone" "--bare" "https://github.com/Buzzec/SpaceMirrorTest" "/workspace/cache/git-repos/https%3A%2F%2Fgithub.com%2FBuzzec%2FSpaceMirrorTest", kill_on_drop: false }`
[INFO] [stderr] Cloning into bare repository '/workspace/cache/git-repos/https%3A%2F%2Fgithub.com%2FBuzzec%2FSpaceMirrorTest'...
[INFO] running `Command { std: "git" "rev-parse" "HEAD", kill_on_drop: false }`
[INFO] [stdout] 3cc79cdfa7b164894fe2aa56467f24ae40372457
[INFO] checking Buzzec/SpaceMirrorTest against try#72f88fc4e9458f89516a0b8b0868f3718aec5b47 for pr-74989
[INFO] running `Command { std: "git" "clone" "/workspace/cache/git-repos/https%3A%2F%2Fgithub.com%2FBuzzec%2FSpaceMirrorTest" "/workspace/builds/worker-12/source", kill_on_drop: false }`
[INFO] [stderr] Cloning into '/workspace/builds/worker-12/source'...
[INFO] [stderr] done.
[INFO] validating manifest of git repo https://github.com/Buzzec/SpaceMirrorTest on toolchain 72f88fc4e9458f89516a0b8b0868f3718aec5b47
[INFO] running `Command { std: "/workspace/cargo-home/bin/cargo" "+72f88fc4e9458f89516a0b8b0868f3718aec5b47" "read-manifest" "--manifest-path" "Cargo.toml", kill_on_drop: false }`
[INFO] started tweaking git repo https://github.com/Buzzec/SpaceMirrorTest
[INFO] removed workspace from git repo https://github.com/Buzzec/SpaceMirrorTest
[INFO] removed path dependency derive from git repo https://github.com/Buzzec/SpaceMirrorTest
[INFO] finished tweaking git repo https://github.com/Buzzec/SpaceMirrorTest
[INFO] tweaked toml for git repo https://github.com/Buzzec/SpaceMirrorTest written to /workspace/builds/worker-12/source/Cargo.toml
[INFO] crate git repo https://github.com/Buzzec/SpaceMirrorTest already has a lockfile, it will not be regenerated
[INFO] running `Command { std: "/workspace/cargo-home/bin/cargo" "+72f88fc4e9458f89516a0b8b0868f3718aec5b47" "fetch" "--locked" "--manifest-path" "Cargo.toml", kill_on_drop: false }`
[INFO] [stderr] warning: dependency (derive) specified without providing a local path, Git repository, or version to use. This will be considered an error in future versions
[INFO] [stderr]     Updating crates.io index
[INFO] [stderr] error: the lock file /workspace/builds/worker-12/source/Cargo.lock needs to be updated but --locked was passed to prevent this
[INFO] [stderr] If you want to try to generate the lock file without accessing the network, use the --offline flag.
[INFO] the lockfile is outdated, regenerating it
[INFO] running `Command { std: "/workspace/cargo-home/bin/cargo" "+72f88fc4e9458f89516a0b8b0868f3718aec5b47" "generate-lockfile" "--manifest-path" "Cargo.toml" "-Zno-index-update", kill_on_drop: false }`
[INFO] running `Command { std: "/workspace/cargo-home/bin/cargo" "+72f88fc4e9458f89516a0b8b0868f3718aec5b47" "fetch" "--locked" "--manifest-path" "Cargo.toml", kill_on_drop: false }`
[INFO] [stderr] warning: dependency (derive) specified without providing a local path, Git repository, or version to use. This will be considered an error in future versions
[INFO] running `Command { std: "docker" "create" "-v" "/var/lib/crater-agent-workspace/builds/worker-12/target:/opt/rustwide/target:rw,Z" "-v" "/var/lib/crater-agent-workspace/builds/worker-12/source:/opt/rustwide/workdir:ro,Z" "-v" "/var/lib/crater-agent-workspace/cargo-home:/opt/rustwide/cargo-home:ro,Z" "-v" "/var/lib/crater-agent-workspace/rustup-home:/opt/rustwide/rustup-home:ro,Z" "-e" "SOURCE_DIR=/opt/rustwide/workdir" "-e" "CARGO_TARGET_DIR=/opt/rustwide/target" "-e" "CARGO_HOME=/opt/rustwide/cargo-home" "-e" "RUSTUP_HOME=/opt/rustwide/rustup-home" "-w" "/opt/rustwide/workdir" "-m" "1610612736" "--user" "0:0" "--network" "none" "rustops/crates-build-env@sha256:d92eaeed33fa75130ca1ee6c8a01d1ffb62bac859dfdfb3450e3e5d1c0146529" "/opt/rustwide/cargo-home/bin/cargo" "+72f88fc4e9458f89516a0b8b0868f3718aec5b47" "metadata" "--no-deps" "--format-version=1", kill_on_drop: false }`
[INFO] [stdout] 450e875240b42419c0a5a77e6cbd0c46dd493f307efa4bbe7e56a42e8d6b10d9
[INFO] [stderr] WARNING: Your kernel does not support swap limit capabilities or the cgroup is not mounted. Memory limited without swap.
[INFO] running `Command { std: "docker" "start" "-a" "450e875240b42419c0a5a77e6cbd0c46dd493f307efa4bbe7e56a42e8d6b10d9", kill_on_drop: false }`
[INFO] running `Command { std: "docker" "inspect" "450e875240b42419c0a5a77e6cbd0c46dd493f307efa4bbe7e56a42e8d6b10d9", kill_on_drop: false }`
[INFO] running `Command { std: "docker" "rm" "-f" "450e875240b42419c0a5a77e6cbd0c46dd493f307efa4bbe7e56a42e8d6b10d9", kill_on_drop: false }`
[INFO] [stdout] 450e875240b42419c0a5a77e6cbd0c46dd493f307efa4bbe7e56a42e8d6b10d9
[INFO] running `Command { std: "docker" "create" "-v" "/var/lib/crater-agent-workspace/builds/worker-12/target:/opt/rustwide/target:rw,Z" "-v" "/var/lib/crater-agent-workspace/builds/worker-12/source:/opt/rustwide/workdir:ro,Z" "-v" "/var/lib/crater-agent-workspace/cargo-home:/opt/rustwide/cargo-home:ro,Z" "-v" "/var/lib/crater-agent-workspace/rustup-home:/opt/rustwide/rustup-home:ro,Z" "-e" "SOURCE_DIR=/opt/rustwide/workdir" "-e" "CARGO_TARGET_DIR=/opt/rustwide/target" "-e" "CARGO_INCREMENTAL=0" "-e" "RUST_BACKTRACE=full" "-e" "RUSTFLAGS=--cap-lints=forbid" "-e" "CARGO_HOME=/opt/rustwide/cargo-home" "-e" "RUSTUP_HOME=/opt/rustwide/rustup-home" "-w" "/opt/rustwide/workdir" "-m" "1610612736" "--user" "0:0" "--network" "none" "rustops/crates-build-env@sha256:d92eaeed33fa75130ca1ee6c8a01d1ffb62bac859dfdfb3450e3e5d1c0146529" "/opt/rustwide/cargo-home/bin/cargo" "+72f88fc4e9458f89516a0b8b0868f3718aec5b47" "check" "--frozen" "--all" "--all-targets" "--message-format=json", kill_on_drop: false }`
[INFO] [stderr] WARNING: Your kernel does not support swap limit capabilities or the cgroup is not mounted. Memory limited without swap.
[INFO] [stdout] c25544351849af7c96ab5665d57397636bc5aac5bf39f1f8fcff41409858222f
[INFO] running `Command { std: "docker" "start" "-a" "c25544351849af7c96ab5665d57397636bc5aac5bf39f1f8fcff41409858222f", kill_on_drop: false }`
[INFO] [stderr] warning: dependency (derive) specified without providing a local path, Git repository, or version to use. This will be considered an error in future versions
[INFO] [stderr]     Checking derive v1.0.0
[INFO] [stderr]     Checking rust_sandbox v0.1.0 (/opt/rustwide/workdir)
[INFO] [stdout] error[E0432]: unresolved import `derive::Test`
[INFO] [stdout]  --> src/main.rs:1:5
[INFO] [stdout]   |
[INFO] [stdout] 1 | use derive::Test;
[INFO] [stdout]   |     ^^^^^^^^^^^^ no `Test` in the root
[INFO] [stdout] 
[INFO] [stdout] 
[INFO] [stdout] error: cannot determine resolution for the derive macro `Test`
[INFO] [stdout]  --> src/main.rs:7:10
[INFO] [stdout]   |
[INFO] [stdout] 7 | #[derive(Test)]
[INFO] [stdout]   |          ^^^^
[INFO] [stdout]   |
[INFO] [stdout]   = note: import resolution is stuck, try simplifying macro imports
[INFO] [stdout] 
[INFO] [stdout] 
[INFO] [stdout] error[E0432]: unresolved import `derive::Test`
[INFO] [stdout]  --> src/main.rs:1:5
[INFO] [stdout]   |
[INFO] [stdout] 1 | use derive::Test;
[INFO] [stdout]   |     ^^^^^^^^^^^^ no `Test` in the root
[INFO] [stdout] 
[INFO] [stdout] 
[INFO] [stdout] error: cannot determine resolution for the derive macro `Test`
[INFO] [stdout]  --> src/main.rs:7:10
[INFO] [stdout]   |
[INFO] [stdout] 7 | #[derive(Test)]
[INFO] [stdout]   |          ^^^^
[INFO] [stdout]   |
[INFO] [stdout]   = note: import resolution is stuck, try simplifying macro imports
[INFO] [stdout] 
[INFO] [stdout] 
[INFO] [stdout] error[E0599]: no method named `test_fn` found for struct `Cool` in the current scope
[INFO] [stdout]   --> src/main.rs:16:31
[INFO] [stdout]    |
[INFO] [stdout] 8  | struct Cool {}
[INFO] [stdout]    | ----------- method `test_fn` not found for this
[INFO] [stdout] ...
[INFO] [stdout] 16 |     println!("Test: {}", cool.test_fn());
[INFO] [stdout]    |                               ^^^^^^^ method not found in `Cool`
[INFO] [stdout]    |
[INFO] [stdout]    = help: items from traits can only be used if the trait is implemented and in scope
[INFO] [stdout] note: `Test` defines an item `test_fn`, perhaps you need to implement it
[INFO] [stdout]   --> src/traits.rs:1:1
[INFO] [stdout]    |
[INFO] [stdout] 1  | pub trait Test {
[INFO] [stdout]    | ^^^^^^^^^^^^^^
[INFO] [stdout] 
[INFO] [stdout] 
[INFO] [stdout] warning: unused import: `crate::traits::Test`
[INFO] [stdout]  --> src/main.rs:3:5
[INFO] [stdout]   |
[INFO] [stdout] 3 | use crate::traits::Test;
[INFO] [stdout]   |     ^^^^^^^^^^^^^^^^^^^
[INFO] [stdout]   |
[INFO] [stdout]   = note: `#[warn(unused_imports)]` on by default
[INFO] [stdout] 
[INFO] [stdout] 
[INFO] [stderr] error: could not compile `rust_sandbox`.
[INFO] [stdout] error: aborting due to 3 previous errors; 1 warning emitted
[INFO] [stdout] 
[INFO] [stdout] 
[INFO] [stderr] 
[INFO] [stdout] Some errors have detailed explanations: E0432, E0599.
[INFO] [stdout] 
[INFO] [stderr] To learn more, run the command again with --verbose.
[INFO] [stdout] For more information about an error, try `rustc --explain E0432`.
[INFO] [stdout] 
[INFO] [stderr] warning: build failed, waiting for other jobs to finish...
[INFO] [stdout] error[E0599]: no method named `test_fn` found for struct `Cool` in the current scope
[INFO] [stdout]   --> src/main.rs:16:31
[INFO] [stdout]    |
[INFO] [stdout] 8  | struct Cool {}
[INFO] [stdout]    | ----------- method `test_fn` not found for this
[INFO] [stdout] ...
[INFO] [stdout] 16 |     println!("Test: {}", cool.test_fn());
[INFO] [stdout]    |                               ^^^^^^^ method not found in `Cool`
[INFO] [stdout]    |
[INFO] [stdout]    = help: items from traits can only be used if the trait is implemented and in scope
[INFO] [stdout] note: `Test` defines an item `test_fn`, perhaps you need to implement it
[INFO] [stdout]   --> src/traits.rs:1:1
[INFO] [stdout]    |
[INFO] [stdout] 1  | pub trait Test {
[INFO] [stdout]    | ^^^^^^^^^^^^^^
[INFO] [stdout] 
[INFO] [stdout] 
[INFO] [stderr] error: build failed
[INFO] [stdout] warning: unused import: `crate::traits::Test`
[INFO] [stdout]  --> src/main.rs:3:5
[INFO] [stdout]   |
[INFO] [stdout] 3 | use crate::traits::Test;
[INFO] [stdout]   |     ^^^^^^^^^^^^^^^^^^^
[INFO] [stdout]   |
[INFO] [stdout]   = note: `#[warn(unused_imports)]` on by default
[INFO] [stdout] 
[INFO] [stdout] 
[INFO] [stdout] error: aborting due to 3 previous errors; 1 warning emitted
[INFO] [stdout] 
[INFO] [stdout] 
[INFO] [stdout] Some errors have detailed explanations: E0432, E0599.
[INFO] [stdout] 
[INFO] [stdout] For more information about an error, try `rustc --explain E0432`.
[INFO] [stdout] 
[INFO] running `Command { std: "docker" "inspect" "c25544351849af7c96ab5665d57397636bc5aac5bf39f1f8fcff41409858222f", kill_on_drop: false }`
[INFO] running `Command { std: "docker" "rm" "-f" "c25544351849af7c96ab5665d57397636bc5aac5bf39f1f8fcff41409858222f", kill_on_drop: false }`
[INFO] [stdout] c25544351849af7c96ab5665d57397636bc5aac5bf39f1f8fcff41409858222f
